6).
2, 19
Suppose 0 = -5*b + 2*f + 63, -b + 14*f = 11*f - 10. Let m(d) be the first derivative of d**3/3 - 6*d**2 - 9*d + 1. List the prime factors of m(b).
2
Suppose q - 15 = 2*q. Let a = q - -11. List the prime factors of -1*(a - 9)*4.
2, 13
Let w(k) = -k**3 + 5*k**2 + 8*k + 15. Let a be w(-6). Let s = -124 + a. List the prime factors of s.
239
Let d(c) be the third derivative of c**5/60 - 29*c**3/6 + 22*c**2. What are the prime factors of d(-16)?
227
Let f(l) = -l**2 - 6*l + 4. Suppose 24 = -0*o - 4*o. Let g be f(o). Suppose -g*t - i - 4 = -5*t, -2*i = 0. What are the prime factors of t?
2
Suppose -2613 = -3*q - 3*r, r - 32 = -31. What are the prime factors of q?
2, 3, 5, 29
Let g(b) = 7 - 10 + 4*b**2 + b**3 - 5*b - 3. Suppose x + 0*x = -4. List the prime factors of g(x).
2, 7
Let c be (-50)/(-30)*(0 - -3). Suppose p + c*u - 51 = -0*p, -203 = -5*p + u. What are the prime factors of p?
41
List the prime factors of (-71 + 70)/(3/(-11718)).
2, 3, 7, 31
Let h = 25 - 17. Suppose 0 = b - 5*b + h. What are the prime factors of b?
2
Let t(n) = -9*n**3 - 2*n**2 + 6*n - 4. Let h(i) = -10*i**3 - 2*i**2 + 7*i - 4. Let w(s) = -5*h(s) + 6*t(s). What are the prime factors of w(-3)?
83
Let c(l) = 40*l**2 - 19*l - 13. What are the prime factors of c(6)?
13, 101
Let b(f) be the first derivative of -7*f**4/4 + f**3/3 + f**2 + f - 12. Let m be b(2). Let z = m + 67. List the prime factors of z.
2, 5
Let b = -532 + 759. List the prime factors of b.
227
Let n = -201 + 399. What are the prime factors of n?
2, 3, 11
Suppose 0 = -15*b - 53*b + 5236. What are the prime factors of b?
7, 11
Let b = 3 + 47. Suppose 11*w = 577 + 512. Let i = w - b. What are the prime factors of i?
7
Suppose 0 = 3*p - 20 + 5. Suppose 8*o - 5*s - 387 = p*o, -4*s - 524 = -4*o. Suppose 0 = -2*x - 0*x + o. What are the prime factors of x?
67
Suppose 0 = -19*a + 6 + 32. Suppose -2*w = x - 155, 313 = 2*x + a*w + 5. List the prime factors of x.
3, 17
Let k(h) = -247*h + 97. List the prime factors of k(-6).
1579
Suppose 52 - 170 = -2*p. Let w = p + -26. Suppose 0 = 3*r - 2*b - 79, -r + b + b = -w. List the prime factors of r.
23
Let q(p) = 2*p - 11. Let n be q(-4). Let x = 23 + n. List the prime factors of x.
2
Suppose -29 = -2*t + 77. Suppose 3*u - 21 = -6. Suppose -u*x = -193 + t. List the prime factors of x.
2, 7
Let r(t) = 16*t - 100. What are the prime factors of r(42)?
2, 11, 13
Suppose 9*p + 422 = 1592. Suppose 0 = 3*a - 3*x - 363, a = 4*x - 0*x + p. List the prime factors of a.
2, 59
Let m(n) = 4*n - 4. Let b be m(2). Suppose 377 = b*s + 2*k - 549, 0 = 4*s + 4*k - 924. What are the prime factors of s?
2, 29
Suppose 21*b - 12239 = 29467. What are the prime factors of b?
2, 3, 331
Let q be 11 + (-15)/(-4 - -9). Suppose -q*v + 788 = -644. List the prime factors of v.
179
List the prime factors of (-88238)/(-16) - ((-51)/24 + 2).
5, 1103
Suppose 0 = -4*s - x + 11, -7*x - 8 = -s - 2*x. Suppose 5*a = s*a + 38. Let d = a + -13. List the prime factors of d.
2, 3
Let h = -8 + 4. Let b = h + 6. Suppose -b*i + 19 + 39 = 0. List the prime factors of i.
29
Suppose 0*n - 48 = -n - 4*z, 3*z = n - 13. Suppose -r = d - 10, -3*r = -r - 2*d - n. What are the prime factors of r?
2, 3
Suppose -5*l - 1 = 29. List the prime factors of ((-57)/2)/(l/20).
5, 19
Let f = -696 + 1131. What are the prime factors of f?
3, 5, 29
Let u(t) = 21*t**2 - t - 2. Let h be u(-1). Let x = 50 - h. What are the prime factors of x?
2, 3, 5
Let c(a) = a**3 + 9*a**2 + 6*a - 11. Let j be c(-8). Let q(l) = l**3 - 5*l**2 + 7*l - 3. List the prime factors of q(j).
2
Let z(f) = f - 4. Suppose 0 = 2*r - 0*r - 8. Let q be z(r). Suppose -g - 4*x + 10 = q, 2*x = 4*g + x - 40. What are the prime factors of g?
2, 5
Suppose 4*t = 3*f + 890, 365 = 4*t + 5*f - 509. Suppose -45 = 2*z - t. List the prime factors of z.
2, 11
Let k(u) = 4*u**2 + 18*u - 23. List the prime factors of k(-14).
509
Suppose 0 = 20*k - 11*k - 22869. List the prime factors of k.
3, 7, 11
Suppose -3*v - 892 = -5*m + 928, 3*m + 5*v - 1126 = 0. List the prime factors of m.
367
Let l(h) = h**2 + 1. Let m be l(-1). Let x(o) = -7*o - 4*o**2 + 3*o**2 + m*o**2 + 9. List the prime factors of x(6).
3
Suppose 39*w + 5239 - 36478 = 0. What are the prime factors of w?
3, 89
Suppose -4*s + 635 - 73 = -2*y, -4*s + 567 = 3*y. What are the prime factors of s?
3, 47
Suppose 0 = 5*l - h - 19, 4*l = 5*l + 3*h + 9. Suppose 0*s + l*u = 3*s - 756, 4*u + 264 = s. What are the prime factors of s?
2, 31
Suppose -33 = -4*u + 3. Suppose -m - 2*m = -u. Suppose m*h - 6*h = -60. What are the prime factors of h?
2, 5
Suppose 2*v - 4*g = -62, v + 3*g + g = -55. Let w = v - -132. Suppose -5*y = 2*a - 62, -3*a + 3*y - y = -w. List the prime factors of a.
31
Suppose -6 + 2 = 2*i. Let a = i - -1. Let h(z) = 16*z**2 - 1. What are the prime factors of h(a)?
3, 5
Suppose -5*b + 5540 = -3*u, -5*b + 4*u + 2596 = -2944. List the prime factors of b.
2, 277
Let n = 78 - -170. What are the prime factors of n?
2, 31
Suppose 2*v - 1092 = 24. List the prime factors of v.
2, 3, 31
Suppose -30*u + 2052 = -168. List the prime factors of u.
2, 37
What are the prime factors of 16/24 - 1729/(-3)?
577
Suppose 8*x - 2748 = -260. What are the prime factors of x?
311
Suppose -3*n = 5*l - 587 - 709, -5*n + 10 = 0. What are the prime factors of l?
2, 3, 43
Let s(o) = -13*o - 2. Let t be s(-2). Let f(p) = -p**3 - 5*p**2 + 6*p + 4. Let n be f(-6). Suppose n*l - 12 = t. What are the prime factors of l?
3
Suppose 13*a - 2 = 11*a. Suppose 0 = -4*b - 5 + a, -v + 5*b = -5. Suppose -4*w + 155 - 15 = v. What are the prime factors of w?
5, 7
Let x be ((-30)/(-35))/(2/(-14)). Let l be 15/(-10)*52/x. Let g = 20 - l. List the prime factors of g.
7
Suppose 0 = 24*q - 19*q - 2185. List the prime factors of q.
19, 23
Let o(i) = 101*i**2 - 2*i + 1. What are the prime factors of o(-5)?
2, 317
Let f(h) = 48*h**3 + 5*h**2 + 3*h - 19. Let a(b) = 24*b**3 + 2*b**2 + 2*b - 9. Let k(t) = 7*a(t) - 3*f(t). List the prime factors of k(2).
2, 3
Let h(j) = j**2 - 9*j - 4. Let y be h(-11). What are the prime factors of y/16 + (-1)/(-2)?
2, 7
Let n(i) = -2*i**3 + 10*i**2 + 56*i - 17. List the prime factors of n(-7).
13, 59
What are the prime factors of 345 + (-26)/14 + 22/(-154)?
7
Let q be (-30)/4*(-16)/3. Let c(g) = -g**3 - 17*g**2 - 38*g + 34. Let p be c(-14). Let f = p + q. What are the prime factors of f?
2, 3
Let k(v) be the third derivative of -5*v**4/6 - 31*v**3/6 + 9*v**2. List the prime factors of k(-12).
11, 19
What are the prime factors of ((-44)/8*46)/((-12)/60)?
5, 11, 23
Let q = 307 + -203. Let g = 60 - q. Let d = -7 - g. List the prime factors of d.
37
Suppose -3*w + 5*l - l + 7489 = 0, -2*w + l + 4986 = 0. List the prime factors of w.
47, 53
Suppose 0 = -3*f - 2*u + 4*u + 1969, -2622 = -4*f + u. What are the prime factors of f?
5, 131
Suppose 4*q + 8558 = 2*s, -33*q - 8558 = -2*s - 28*q. List the prime factors of s.
11, 389
Let o(w) = -67*w + 101. List the prime factors of o(-9).
2, 11
Let u = -31 - -43. Let f(l) = -7*l - 4. Let d be f(-4). Let j = d - u. What are the prime factors of j?
2, 3
Let f = 8 - 13. Let i(p) = 11*p + 2*p - p + 3*p**2 + 2. List the prime factors of i(f).
17
Let g(m) be the first derivative of -m**4/4 + 5*m**3 + 12*m**2 - 18*m + 31. What are the prime factors of g(16)?
2, 5, 11
Suppose 6*k - 7*k = -6. Suppose 2*l - k = -l. List the prime factors of l.
2
Let v be (-7 - 125/2)/(2/(-4)). Let k = -127 + v. List the prime factors of k.
2, 3
Let j be (14/35)/(3/(-60)). List the prime factors of (1 - -1)*(-92)/j.
23
Let l = -193 + 334. What are the prime factors of l?
3, 47
Let y be ((-1287)/2 - (-7)/14)*1. Let f = y - -919. List the prime factors of f.
2, 3, 23
Suppose 27 = 2*i + c - 12, -41 = -2*i + c. What are the prime factors of i?
2, 5
Let k(y) = -149*y + 76. List the prime factors of k(-6).
2, 5, 97
Suppose 2*i = 6*i - 12. Suppose n - 4*y = -n + 398, 796 = 4*n - i*y. What are the prime factors of n?
199
What are the prime factors of 157/3 - (-19)/(285/(-20))?
3, 17
Let g(q) = -q**3 + 6*q**2 + 9*q - 6. Let h(x) = -x**2 - 7*x + 2. Let z be h(-7). Suppose -z = -2*s - 4*k + 28, -2*s = k - 18. List the prime factors of g(s).
2
Suppose 4*z + 0*s - 13 = s, 5*z - 16 = s. Suppose -4*w = -z*k - 7 - 10, 0 = k - 2*w + 7. Let d(n) = -